ided by p?
17
Suppose -77*o + 11 = -76*o. Suppose -2*h - 2*b + 32 = -34, 81 = 3*h - 3*b. What is the remainder when h is divided by o?
8
Let o = 1421 + -1288. What is the remainder when o is divided by 132?
1
Suppose 30 = -j + 2*j. Let a = 177 + -44. Let x = a - 75. Calculate the remainder when x is divided by j.
28
Suppose 4*f - k = 177, -3*f + 4*k + 24 = -99. Let b = -1 - -13. What is the remainder when f is divided by b?
9
Let m = -722 - -715. Let i(b) = -11 - 3*b - 6 - 2*b. Calculate the remainder when 33 is divided by i(m).
15
Suppose -22*s + 170 = -15*s - 3*n, 2*s + 5*n - 72 = 0. Calculate the remainder when 1584 is divided by s.
24
What is the remainder when 127 is divided by (-2)/((-5)/430*4)?
41
Suppose -17 = -4*o + 19. Let p(l) = -l**3 + 8*l**2 + 11*l - 4. What is the remainder when 8/(-14) - (-3222)/126 is divided by p(o)?
11
Let p = -23 - -49. Suppose 18*x - 41 = 13*x + i, 2*x - 14 = i. Calculate the remainder when p is divided by x.
8
Suppose -p = 4*a - 16, -7*a + 3*a - 2*p + 20 = 0. Suppose 2*d + 5*z = 119, -201 = -0*d - 3*d - a*z. Calculate the remainder when d is divided by 19.
15
Suppose 718 = -21*q + 4. Let k = 48 + q. Suppose -80 = -3*r + 2*m, 4*m + 92 = 3*r - m. Calculate the remainder when r is divided by k.
10
Let l = 2231 + -2222. Suppose 0 = -3*w - 2*w + 3*t + 74, 0 = -2*t + 4. What is the remainder when w is divided by l?
7
Calculate the remainder when (5/10)/(229/114 - 2) is divided by 15.
12
Suppose 2*u + 18 = 3*u - 2*j, 3*u - j - 59 = 0. Calculate the remainder when 118 is divided by u.
18
Suppose -5*s + s + 1016 = 0. Suppose 2*p - 61 = 43. Suppose 4*c + 4*g = p + 196, 4*c = 2*g + s. Calculate the remainder when c is divided by 16.
15
Let a(d) = d**2 - 4*d - 8. Let j be a(6). Suppose j*g - g = -2*k - 20, 2*g = -8. Let f(r) = 4*r**2 + r. Calculate the remainder when f(k) is divided by 21.
18
Let o(x) = -x**3 + 3*x**2 - 2*x + 2. Let y be o(2). Suppose 6*f - f + 5*k - 420 = 0, -y*f = k - 166. What is the remainder when f is divided by 21?
19
Calculate the remainder when 374/6 - 164/123 is divided by 9.
7
Let v = -4 + 8. Suppose 6*f - 24 = 3*f - 3*q, 5*f - 56 = -q. Suppose -78*u + 75*u = -f. What is the remainder when v is divided by u?
0
Suppose 5*a - 2*w = -0*w + 202, 4*a - 180 = -3*w. What is the remainder when a is divided by 22?
20
Let n(z) = 2*z**3 + z**2 - z + 1. Let w be n(1). Suppose g - 43 = -a, -2*a + g = w*a - 245. Calculate the remainder when a is divided by (12/(-18))/(4/(-102)).
14
What is the remainder when 189 is divided by (-68)/153 - (-822)/27?
9
Calculate the remainder when ((-3915)/(-90))/(3/4) is divided by 18.
4
Let d(m) = -4*m + 11*m**2 + m**3 - 6*m**2 + 2 - 3*m**2. Let b = -12 - -16. What is the remainder when d(2) is divided by b?
2
Let q be ((-8 - -2) + 3)*-1. Suppose 15 = q*x + 2*x. Calculate the remainder when 38 is divided by 13 + 6/((-6)/x).
8
Let s(z) = 2*z + 10. Calculate the remainder when 54 is divided by s(-1).
6
What is the remainder when 2 - (2 - -132)*(-19)/19 is divided by 60?
16
Let i = 928 + -726. What is the remainder when i is divided by 43?
30
Suppose b + 3*b = -16, 0 = -4*l + 2*b + 676. Calculate the remainder when l is divided by 28.
27
Suppose 0 = c - 6*c + 4*t + 11, -8 = -2*c - 2*t. Let i(d) = 2*d**2 - 4*d - 1. What is the remainder when (18 + -7 + -13)*7*-1 is divided by i(c)?
4
Suppose 38*j + 168 = 44*j. What is the remainder when 249 is divided by j?
25
Let x = -89 + 160. What is the remainder when 351 is divided by x?
67
Let b be 1/(-3) + 160/48. Suppose 3*v = -5*c + 76, 2*v + b*v + 100 = 5*c. What is the remainder when c is divided by 10?
7
Let k = -98 + 144. Suppose 4*z = -4*v + 60, -61 = -6*v + 2*v - 3*z. What is the remainder when k is divided by v?
14
Suppose u - 5*z + 0*z = -28, 0 = -4*u + 2*z - 76. What is the remainder when 6 is divided by (9/(-27))/(2/u)?
0
Let f(a) = a**2 + 16*a - 1. Let k be f(-9). Let u = k + 71. What is the remainder when 31 is divided by u?
3
Suppose -58 = -8*l - 378. Calculate the remainder when 77 is divided by -7*-2*l/(-28).
17
Suppose 3*i - f + 182 = 825, -4*i - 2*f = -844. What is the remainder when i is divided by 20?
13
Let z be 92/22 + (-16)/88. Suppose 94 = z*n + 30. What is the remainder when 43 is divided by n?
11
Suppose -3 = r - 2*u, 0 = -2*u - 2*u. Calculate the remainder when r/(4 - -2)*-76 is divided by 20.
18
Suppose -40 = 4*q - 9*q. Let p = -3 + q. Suppose 3*m + 250 = p*f, -4*f - m = m - 200. Calculate the remainder when f is divided by 13.
11
Suppose 0 = 5*z + 4*z - 207. Let t(w) = 9*w + 12. Calculate the remainder when t(6) is divided by z.
20
Let z(g) = g**2 - 19*g - 14. Let w be z(20). Suppose w*s - 155 = s. What is the remainder when s is divided by 11?
9
Let p = -372 + 867. Suppose 20*n = 25*n - p. Calculate the remainder when n is divided by (-1)/(153/(-75) - -2).
24
Let y(b) = -b**3 + 12*b**2 + 15*b + 12. Let p = 72 + -66. Calculate the remainder when y(13) is divided by p.
2
Let k(q) = 2*q + 1. What is the remainder when 49/(((-11)/(-44))/(2/8)) is divided by k(6)?
10
Let x(h) = 2*h**2 - 25*h - 20. Calculate the remainder when 77 is divided by x(14).
11
Suppose l - 93 = -4*l - y, 2*l + 4*y - 30 = 0. Suppose -45 = -5*d + 120. Calculate the remainder when d is divided by l.
14
Let q(c) = 50*c - 222. Calculate the remainder when 385 is divided by q(6).
73
Let q(s) = -2*s + 3. Let k be q(0). Suppose k*h = -0*h + 30. Suppose 24 = 2*f - 3*o, 8*o = 4*f + 3*o - 44. Calculate the remainder when h is divided by f.
4
Let j = 11 + -22. Let r = 5 + j. Let h = r - -56. Calculate the remainder when h is divided by 13.
11
Suppose 0 = -4*v + 55 + 113. What is the remainder when v is divided by (5/30*-3)/(1/(-18))?
6
Suppose -174 = -9*q + 114. Suppose -5*i = 5*x - 265, 256 = 4*x + i + q. What is the remainder when x is divided by 12?
9
Suppose 2*u - 5*u = -177. Let x = 125 + -113. Calculate the remainder when u is divided by x.
11
Let a = -104 - -54. Let d be (-6)/10 + (-230)/a. Suppose 0 = s - 0*f + 2*f - d, -s = -4*f - 16. Calculate the remainder when 22 is divided by s.
6
Suppose 1355 + 829 = 14*m. Calculate the remainder when m is divided by 80.
76
Suppose -u = -x - 94, -3*x + 477 = 5*u - x. Calculate the remainder when u is divided by 25.
20
Suppose -37 - 28 = 5*c. Let k(b) = b**3 + 13*b**2 - 2*b - 17. Calculate the remainder when 16 is divided by k(c).
7
Let i(y) = -y**2 - 9*y + 3. Calculate the remainder when 2/2 - (10 + -12) is divided by i(-9).
0
Let j = -1590 - -1597. What is the remainder when 80 is divided by j?
3
Suppose -3*k + 6 = 5*f, 3*k - 6*f = -f + 66. Let h(q) = -q**2 + 6*q - 6. Let r be h(5). Calculate the remainder when 5*((-128)/(-10) - r) is divided by k.
9
Let p(o) = o**3 - 21*o**2 + 19*o + 26. Let b be p(20). Let m(s) = -s**2 + 9*s - 7. What is the remainder when 40 is divided by m(b)?
7
Suppose 3*w - 80 = w. Suppose 2*f = 7*f - w. Calculate the remainder when ((-16)/(-40))/(1/75) is divided by f.
6
Suppose 5*z = 6*z - 104. Calculate the remainder when z is divided by 16.
8
Calculate the remainder when 55 is divided by (-2 + (-47)/(-3))/(3/9).
14
Let j(f) = 3*f**2 + 52*f - 34. Calculate the remainder when 66 is divided by j(-18).
0
Let w = -196 + 275. What is the remainder when w is divided by 26?
1
Suppose 105 = 5*l + 5*v, -4*l - 3*v + 83 = -0*l. Let k = 23 - l. Calculate the remainder when 2/(-9) - 56/(-9) is divided by k.
0
Suppose 0*a - 30 = 3*a. Let s be (2/(-3))/(a/45). Suppose -4*x = 8, -2*h + 2*x + 5 = -s. What is the remainder when 7 is divided by h?
1
Suppose -g - 3*g = -5*b + 63, -3*b = 3. Let r = g - -85. Let k = 2976 + -2953. What is the remainder when r is divided by k?
22
Let g(c) = c**3 + 2*c**2 - 17*c + 26. What is the remainder when g(6) is divided by 61?
29
Let w(a) = -a**3 + 8*a**2 + 9*a. Let d be w(9). Suppose 9*r - 6*r - 48 = d. Calculate the remainder when 47 is divided by r.
15
Let i(r) = 1 + 0 + 10 + 2*r - 4*r. Let l be i(-6). Let p = l - -9. Calculate the remainder when p is divided by 9.
5
Suppose 4*i = -4*y + 104, -14 = 3*y - 4*y - 4*i. What is the remainder when ((-13)/5 - -1)/((-1)/y) is divided by 13?
9
Suppose 2*t - 76 = -4*w + 6*t, -w - 5*t = -7. Suppose -w*z + 14*z = -282. What is the remainder when z is divided by 24?
22
Suppose 41*d = 7*d + 918. Calculate the rema